 4) to base 3.
2112211102221
Convert 11101001001000011 (base 2) to base 12.
590ab
-27b1e7 (base 15) to base 9
-3531871
What is 1010001110111100100110 (base 2) in base 6?
133255422
Convert -22a026 (base 13) to base 2.
-11001000100111001110
What is -478154 (base 9) in base 14?
-76db7
What is -12c99b (base 13) in base 16?
-6f6ec
323555 (base 7) to base 9
85488
What is d61d7 (base 15) in base 6?
22314334
Convert -67743 (base 15) to base 3.
-121201022200
Convert -300231020 (base 4) to base 3.
-101010122202
426828 (base 9) to base 5
31114431
Convert 75804 (base 11) to base 16.
1ae22
2226540 (base 7) to base 4
1003121031
Convert 23168688 (base 9) to base 5.
10340440244
What is 276441 (base 15) in base 3?
10120020112121
-2320131010 (base 4) to base 7
-6264460
What is -1338a3 (base 14) in base 4?
-2201313213
What is 488260 (base 11) in base 10?
772288
What is 15256535 (base 8) in base 14?
67075b
-43457 (base 10) to base 15
-cd22
What is -21132012 (base 6) in base 8?
-2270210
What is -9bebbf (base 16) in base 12?
-350953b
1376a (base 15) to base 10
62425
3bb6 (base 15) to base 11
9660
What is 121200011121 (base 3) in base 13?
b64b2
Convert 23324 (base 15) to base 2.
11011010111010100
What is 44030313 (base 5) in base 11?
23823a
31016 (base 7) to base 8
16607
What is -23200014 (base 5) in base 12?
-a1208
Convert 502332234 (base 6) to base 11.
4899608
Convert 34012000 (base 5) to base 6.
10214250
What is -121353225 (base 6) in base 2?
-1000110101100110010001
-10324021 (base 9) to base 15
-68464d
What is -33201321 (base 4) in base 5?
-4013414
Convert 2466456 (base 7) to base 2.
1001101111011111011
What is -ada (base 16) in base 6?
-20510
Convert -10120210200220 (base 3) to base 13.
-519363
Convert 2a116 (base 13) to base 5.
10014110
Convert 1a6873b (base 12) to base 9.
11505362
What is -3044035 (base 6) in base 16?
-23a77
Convert -216b4c8 (base 13) to base 3.
-201020021222002
Convert 23312440 (base 5) to base 15.
433d0
What is -10111000110001101100011 (base 2) in base 8?
-27061543
-3375600 (base 8) to base 4
-3133232000
1236426 (base 8) to base 3
122102221111
Convert -124243141 (base 6) to base 13.
-679078
What is -170720 (base 9) in base 6?
-2132413
What is 44104240 (base 5) in base 12?
16319b
What is 121020102112 (base 3) in base 10?
319613
What is -268aa (base 13) in base 12?
-35670
What is -111100110001111 (base 2) in base 15?
-9349
Convert -1330232 (base 6) to base 2.
-10010000011101100
What is 1782b (base 16) in base 7?
550520
What is -169067 (base 13) in base 5?
-121000032
Convert -37c2c7 (base 15) to base 13.
-727c45
Convert b4ac (base 16) to base 13.
1808b
What is -221012002211 (base 3) in base 4?
-1321002310
Convert -6403431 (base 8) to base 4.
-12200130121
-341340040 (base 5) to base 15
-1ece80
What is -323302122 (base 4) in base 5?
-30314030
-169a0b (base 16) to base 12
-5b5237
Convert 1066c25 (base 13) to base 8.
23077650
10101001110 (base 2) to base 16
54e
What is 302020040 (base 5) in base 12?
4a0ba3
Convert -4660 (base 12) to base 6.
-100200
Convert -2533357 (base 8) to base 14.
-143c87
Convert -1616a65 (base 11) to base 4.
-22202100233
Convert -1321101113 (base 4) to base 8.
-1712127
-199b7c (base 13) to base 14
-12cca1
What is 45273220 (base 8) in base 10?
9795216
10521054 (base 7) to base 15
1306ac
Convert 300122112013 (base 4) to base 13.
2824582
What is 40453564 (base 8) in base 14?
11c4dda
What is -1413477 (base 8) in base 11?
-25299a
-38053b (base 16) to base 12
-1290763
What is -101130001110 (base 4) in base 5?
-2132234340
Convert -42042015 (base 7) to base 8.
-15401474
What is -1db20 (base 15) in base 6?
-2025033
What is -16061866 (base 9) in base 10?
-8012418
Convert -403234242 (base 5) to base 3.
-10001012120121
Convert -10227642 (base 10) to base 5.
-10104241032
-4a28b0 (base 14) to base 16
-26cc4a
Convert -3054026 (base 8) to base 2.
-11000101100000010110
Convert 1270b86 (base 12) to base 3.
20211110002110
What is -16a81f (base 16) in base 7?
-15422645
What is -10223321223 (base 4) in base 10?
-1228395
110333322 (base 4) to base 9
140876
62455 (base 9) to base 10
41198
What is 4654302 (base 9) in base 13?
6a1294
-131016025 (base 7) to base 5
-4114420212
Convert -169381 (base 10) to base 11.
-106293
Convert -312ae (base 15) to base 5.
-14441424
What is -3014541 (base 7) in base 10?
-356994
What is -5dd1a (base 16) in base 15?
-78cdc
41323234 (base 5) to base 9
566252
What is 190a658 (base 11) in base 9?
6070666
Convert 100122311 (base 4) to base 16.
106b5
10021211022 (base 3) to base 8
176362
What is 311301132 (base 4) in base 12?
a7566
What is -1023646 (base 8) in base 7?
-2212601
Convert -109c3 (base 15) to base 4.
-30321201
What is 3f10f (base 16) in base 6?
5311531
What is -229e39 (base 16) in base 4?
-20221320321
What is 1061770 (base 12) in base 11?
1837010
Convert -48c836 (base 14) to base 2.
-1001100000101011110000
Convert 165302 (base 9) to base 15.
204a5
Convert -12223123 (base 5) to base 4.
-130220220
636732 (base 8) to base 15
42e2c
-10220102000001 (base 3) to base 4
-13322201233
What is -2323233 (base 5) in base 16?
-a54e
Convert -6cc11c (base 15) to base 14.
-996982
5dc37 (base 14) to base 9
380635
210057 (base 11) to base 8
1221645
179630b (base 12) to base 7
56602211
32739 (base 12) to base 4
100102131
What is -2f749 (base 16) in base 2?
-101111011101001001
What is -100011010110111100010 (base 2) in base 12?
-47a602
What is -14788 (base 11) in base 15?
-62dd
Convert -100001000110010010001 (base 2) to base 7.
-12134662
Convert c36575 (base 13) to base 6.
241345242
11011110001001111101 (base 2) to base 7
10506625
What is 258226 (base 11) in base 14?
a8081
Convert 239279 (base 11) to base 10.
378332
Convert -110212101 (base 3) to base 16.
-24a3
Convert -45501 (base 8) to base 3.
-222102112
Convert 50416 (base 13) to base 5.
14043000
-258355 (base 10) to base 3
-111010101201
What is 10110011000011000000100 (base 2) in base 4?
112120120010
What is 110234 (base 11) in base 9?
287343
What is -20231032201 (base 4) in base 8?
-10551641
Convert -3b2a27 (base 13) to base 4.
-11132020313
-6a570 (base 13) to base 11
-122a61
797895 (base 11) to base 12
51280b
8238032 (base 10) to base 16
7db3d0
What is -109dc1 (base 16) in base 8?
-4116701
What is -5a4c0 (base 14) in base 2?
-110101110100111000
-1803629 (base 11) to base 6
-145404303
-7df (base 16) to base 9
-2678
What is -124756 (base 15) in base 8?
-3256405
What is 2c593 (base 13) in base 15?
1a051
What is -1367287 (base 9) in base 8?
-2677222
Convert -3136026 (base 7) to base 12.
-163423
What is 213317 (base 10) in base 4?
310011011
-560110 (base 9) to base 13
-b9463
What is 113223322 (base 4) in base 16?
17afa
Convert 59412 (base 12) to base 2.
11101010000001110
Convert -503422 (base 9) to base 13.
-a56cb
What is -1120866 (base 9) in base 12?
-251880
-5ac004 (base 13) to base 12
-886a77
What is -68987 (base 12) in base 13?
-4b736
-2202201211 (base 3) to base 16
-d4d1
Convert -222150353 (base 6) to base 7.
-46140660
Convert -3ba06a (base 14) to base 15.
-2ab672
What is 1913290 (base 11) in base 9?
6077384
-52ad (base 15) to base 12
-a154
11ec05 (base 15) to base 6
30233135
Convert -625545 (base 9) to base 6.
-11543535
2b305 (base 16) to base 10
176901
What is 330321221 (base 4) in base 13?
89705
Convert 100100101000100010010 (base 2) to base 15.
18aa1c
Convert -540361 (base 7) to base 12.
-46371
What is -914b65 (base 15) in base 14?
-cb8d78
What is 155d19 (base 14) in base 12?
2bb9ab
Convert -347a956 (base 12) to base 14.
-14b4da2
What is -321348 (base 10) in base 4?
-1032131010
-287720 (base 12) to base 3
-1021101020020
21120020221 (base 3) to base 8
442647
What is 2fb87 (base 16) in base 8?
575607
What is 1111010101110100 (base 2) in base 6?
1202524
-17381a (base 13) to base 8
-2153162
What is 1101110111100 (base 2) in base 4?
1232330
Convert -11134 (base 6) to base 15.
-6ea
What is 102304340 (base 5) in base 7?
3446011
Convert 11011010111010110000010 (base 2) to base 7.
114655004
-31cc4 (base 13) to base 3
-11120112212
Convert 189268 (base 10) to base 16.
2e354
Convert -1d15dcb (base 14) to base 11.
-8256280
Convert -45311 (base 10) to base 9.
-68135
What is 2bcb26 (base 16) in base 10?
2870054
What is 110100101100000011010 (base 2) in base 8?
6454032
974467 (base 1